erivative of 0 - 2*u**2 + 3/8*u**4 + 0*u + 0*u**3. What is the units digit of q(1)?
9
Suppose -7*x + 3*x = -4. Suppose 2*i = -x + 7. Suppose 42 = i*k - 3*w, 4*w - 16 = -3*k + k. What is the tens digit of k?
1
Let p(s) = -s**2 - 4*s + 5. Let j be p(-4). Let v = -8 + j. What is the units digit of 5 + 2 - 6/v?
9
Let v = -48 + 26. Let c = -11 - v. What is the units digit of c?
1
Suppose -5 = -9*w + 4*w. Let j = 2 + w. Suppose -4 = -j*m + 11. What is the units digit of m?
5
Let l be (-12)/(-8) - 60/(-8). Let y(b) = b**3 + 4*b**2 + 3. Let f be y(-4). Suppose -l = -r - f. What is the units digit of r?
6
Let n(x) = -x. Let w be n(0). What is the units digit of (1 - 6)/(w + -1)?
5
What is the units digit of ((-5)/(-3))/((-10)/(-36))?
6
Let a = -2 - -2. What is the tens digit of 2 + -1 + a + 15?
1
Suppose 3*w + 0*w + 3*c + 69 = 0, 5*c - 10 = 0. Let h = 82 + -117. Let f = w - h. What is the tens digit of f?
1
Let d(y) = -6*y**2 + 6*y + 6. Let g(j) = -5*j**2 + 5*j + 5. Let l(x) = 4*d(x) - 5*g(x). Let r be (-4)/(-6) - 20/12. What is the units digit of l(r)?
1
What is the tens digit of 4*(75/12 - -4)?
4
Let r = -5 - -5. Let s = -6 - -11. Suppose -3*k - 2*w + 26 = r, 5*k + s = -4*w + 49. What is the units digit of k?
8
Suppose t = 36 - 11. What is the units digit of t?
5
Let x = 10 - 8. Suppose -f = 3*c + x, 6*f - 2*f - 24 = 4*c. What is the units digit of f?
4
What is the units digit of 11/(-1)*6/(-6)?
1
Let c = 9 + -8. Let r(z) = -3*z**2 + 1. Let g be r(c). What is the units digit of (16/(-3))/(g/3)?
8
Let r = 11 + 3. What is the units digit of r?
4
Let o(m) = -m**3 + 3*m**2 + m - 1. Let l be o(3). What is the units digit of ((-10)/15)/(l/(-15))?
5
Suppose -9 = 4*l - 45. Let v(h) = h - 4. What is the units digit of v(l)?
5
Let y be (-2)/(2/4*-2). Let u = 18 + -17. Suppose o - y = u. What is the units digit of o?
3
Suppose 2*t = -5*h, 0*h = -4*h - 4*t. Suppose 4*n + u - 36 = h, 16 = 4*n + u - 5*u. What is the units digit of n?
8
Let m = 121 + -120. What is the units digit of m?
1
Let h(f) = -f**3 - f**2 + 5. Let l(k) = -3*k**3 - 3*k**2 - k + 11. Let n(y) = -5*h(y) + 2*l(y). Let i = 18 + -20. What is the units digit of n(i)?
5
Suppose -1 = -c + u + 1, -c + 4*u + 2 = 0. Suppose -4*r = c*p - 106, 0 = -4*r - p + 73 + 34. What is the tens digit of r?
2
Let b = -272 + 624. What is the units digit of b?
2
Suppose 0 = -2*i + 5*i - 27. What is the units digit of i?
9
Let g(x) = x - 5. Let z be g(4). What is the units digit of 3*(2 + z) - -22?
5
Let d be ((-15)/(-6) + -1)*-2. What is the tens digit of d*(52/(-6) - -2)?
2
Let l = 195 - 5. What is the hundreds digit of l?
1
Let m(l) = -2*l**3 - l**2. Let b be m(-1). Let i = b + 2. Suppose 5*v - i*v = 12. What is the units digit of v?
6
Suppose 19 + 17 = 3*v. Let u be 6/8 + 63/v. Suppose u*r - 75 = r. What is the tens digit of r?
1
Let w = 1 + 5. What is the units digit of w?
6
Suppose -5*t + 30 = 5. Suppose t*w - 3*b - 16 = 0, -3*w + 9 = b - 9. What is the units digit of w?
5
Let p = 671 + -464. What is the hundreds digit of p?
2
Let v be 3/(-4)*(16 + -52). Let y = 76 - v. What is the units digit of y?
9
Let j(r) = 33*r**2 + 6*r + 4. What is the units digit of j(-2)?
4
Let s be 78/(-6) + 0 + -3. What is the tens digit of (-1 + 0 - s) + 0?
1
Let d = 173 - 124. What is the tens digit of d?
4
Let v(c) = -2*c**3 - 6*c**2 - 7*c - 5. What is the tens digit of v(-5)?
3
Suppose 220 = n + n. Suppose -4*p = 5*h - n, 3*p + 13 - 118 = -5*h. Let c = -2 + h. What is the tens digit of c?
1
Let x(k) = k + 2. Let r be x(-5). Let g(n) be the third derivative of n**6/120 + n**5/30 - n**4/8 + n**3/3 - 2*n**2. What is the units digit of g(r)?
2
What is the tens digit of 257/5 + 12/(-30)?
5
Let t(i) = i**2 - 4*i + 3. What is the units digit of t(7)?
4
Let i(n) = n - 1. Let o be i(9). What is the units digit of 15/(-6)*o/(-10)?
2
Suppose -4 - 12 = -8*y. What is the units digit of y?
2
Suppose 0 = 3*x + 5*t + 4, -5*x + 2*x + 2*t = 32. Let h = 10 + x. Suppose h*w - 32 = -8. What is the tens digit of w?
1
Let l(c) = -c**3 - 3*c**2 + c + 4. Let u = -4 + 1. Let w be l(u). Suppose 2*d = -p + 9, 2*d - p = -w - 0. What is the units digit of d?
2
Suppose -s - 146 = -3*s - q, 2*q = 0. What is the units digit of s?
3
Let z = 4 + -9. What is the tens digit of (2 + z)*(-20)/6?
1
Let r be (1 + 0 - 2)/(-1). Suppose -b = 3*n - r, 4*b = -2*n - 18 + 2. What is the units digit of n?
2
Suppose -14 = -2*s - 3*g, -s + 3*g - 7 = -2*s. What is the units digit of s?
7
Suppose 2*i - 4*r = -37 + 235, 4*r = -5*i + 481. What is the units digit of i?
7
Suppose 12 - 4 = -4*p + 2*z, -5*p = -3*z + 10. What is the units digit of 28/(-3)*3/p?
4
What is the tens digit of 49 + (-4 + 6 - 6)?
4
Let d = 17 + -5. Suppose -d = -n + 2. What is the units digit of n?
4
Let u(r) = -r**2 + 2*r + 1. Let s be u(2). Let i be s + -1*4/(-2). Suppose -i*d = 2*d - 65. What is the tens digit of d?
1
Suppose 66 = 4*k - 2*a, -2*a + 0*a + 67 = 3*k. What is the units digit of k?
9
Let b = 35 + -14. Suppose s + 3*s = r - 63, -5*s = 3*r + 66. Let m = b + s. What is the units digit of m?
6
Suppose -4 - 4 = -4*n. Let z(p) = -n*p**2 + 4*p**2 + 0*p**2 - 2. What is the units digit of z(-2)?
6
Suppose -5*j + 7 = -3. Suppose 0 = 4*v + j*q - 146, 3*v - q = -0*v + 102. What is the tens digit of v?
3
Suppose -2*p - 8 = -52. Suppose -5*g + g + 2*c + 52 = 0, p = 2*g - 3*c. What is the units digit of g?
4
Let i(p) = p**2 - 6*p + 9. Suppose -5*s = -5*u + 55, 5*s + 5 = -2*u - 1. What is the units digit of i(u)?
6
Suppose 0 = -3*f + 2*x + 224 - 57, -4*f = 5*x - 215. Suppose f = 2*u + 3*u. What is the units digit of u?
1
Suppose 3*o - 8*o = -95. What is the units digit of o?
9
Let z be -2 + 1*12 + -2. Let j be ((-9)/(-12))/((-2)/z). Let b = j - -6. What is the units digit of b?
3
Suppose -l - 14 = -n - 41, 0 = 3*l + 2*n - 106. Let o = l + 24. What is the tens digit of o?
5
Let w(y) be the second derivative of -y**4/12 - 11*y**3/6 - 2*y**2 + y. What is the tens digit of w(-8)?
2
Let p(j) be the third derivative of j**5/60 + j**4/24 - j**2. Let b(m) = 5*m**2 + 5*m - 1. Let w(g) = -2*b(g) + 11*p(g). What is the units digit of w(0)?
2
Suppose 0 = -v - 4*v + 10. Let m(b) = 4*b + 2. What is the tens digit of m(v)?
1
Let o(d) = -d**2 + 8*d + 11. Let k(t) = -t**3 + 6*t**2 - 4*t - 5. Let w be k(5). Suppose -p + 9 = -w*p. What is the units digit of o(p)?
2
Suppose -q - 9 + 173 = 0. What is the units digit of q?
4
What is the tens digit of (2/(-4))/(625/(-156) - -4)?
7
Let p(a) = 4 - 2*a + 10 + 4 + 0. What is the units digit of p(8)?
2
What is the hundreds digit of 5*(-66 - -3)*-1?
3
Let u be (-6)/(-4)*92/6. Let x = u - 18. What is the units digit of x?
5
Let x = -5 + 4. Let k be x + (-2)/(-1) + -2. What is the units digit of (-1 + 0)*13*k?
3
Let h = -222 + 152. What is the units digit of 42/h + (-28)/(-5)?
5
Let j = 22 + -19. Suppose -137 = -3*l + 4*f, 2*l - 2*f = -j*l + 219. What is the units digit of l?
3
Suppose 0 = 4*r - 42 + 6. Suppose 4*o + r = h, -2*h - 4 = -o - 15. What is the units digit of h?
5
Suppose 0*i = 4*c - i - 199, -150 = -3*c + i. What is the units digit of c?
9
Suppose 37*d - 39*d = -88. What is the tens digit of d?
4
What is the units digit of 95/6 - ((-57)/18 - -3)?
6
Let g(u) = -2*u**2 + 5*u + 5. Let x be g(6). Let h be (0 + -8)/((-6)/(-75)*5). Let y = h - x. What is the tens digit of y?
1
Suppose -j = 11 + 7. What is the tens digit of ((-12)/j)/((-2)/(-30))?
1
Let i be (-6)/(-2)*(-10)/(-3). Suppose v - 4 = 3*p + i, -3*v = -4*p - 57. What is the units digit of v?
3
Let h(u) = u**2 + 8*u - 1. Let m be h(-7). Let s be ((-34)/(-4))/(4/m). Let q = s - -27. What is the tens digit of q?
1
Suppose -z - 14 = -17. Let r = 97 - 69. What is the tens digit of (-17 + z)*(-24)/r?
1
Let g(m) = 3*m - 28. What is the units digit of g(12)?
8
Let a(n) = -10*n + 1. Suppose 15*v - 17*v - 10 = 0. What is the units digit of a(v)?
1
Suppose 5*z = r - 230, 364 = 3*r + 3*z - 308. What is the tens digit of r?
2
Suppose -3*t = 4*h - 75 - 62, -5*t = -5*h - 205. Suppose -5*b = -3*d + t, -d + 4*b + 28 - 2 = 0. Let j = d + -3. What is the units digit of j?
3
Suppose z - 1 - 2 = 0. Let g = z + 4. What is the units digit of g?
7
Let n = -6 - -9. Let j be n/6 + (-9)/6. Let f(o) = -12*o. What is the tens digit of f(j)?
1
Let h(f) = -12